((6 - 4) + (6 + -5 - 9)).
-10
Calculate -9 - (-1 - 23 - (119 + -129)).
5
What is the value of 8 - (16 - (-9 - -10 - -11))?
4
What is the value of -16 + (23 - (29 + 0))?
-22
What is the value of -167 - -181 - (0 - -16)?
-2
(11 - (-9 + 15) - 7) + (0 - 25)
-27
Evaluate -6 + (-5 - (3 - 6)) + (2 - 0).
-6
What is (18 - 14) + -22 + 17?
-1
Calculate -4 + 12 - -6 - (-2 + 1).
15
Evaluate -2 + -5 - (-13 + 1 + (-150 - -156)).
-1
Evaluate 6 - (-11 - (-6 + -5 + 7)) - 6.
7
What is 6 - (-10 - (-22 + 10 + 10))?
14
What is (4 - (3 - 4)) + (140 - 130)?
15
Evaluate 2 - -3 - (-7 + 13 - 10).
9
What is -7 + 0 + (29 - -7) + -49?
-20
Calculate 33 + -15 + 13 + -24.
7
Evaluate -20 + 6 - (-8 - -1).
-7
Calculate ((-8 - -3) + 5 - 2) + -10 + 3.
-9
Evaluate (2 - 1) + 51 + -52.
0
10 + -7 + 11 + -9 + 10
15
-37 + 64 + -17 + -1
9
What is (-18 + 32 - -7) + -12?
9
What is the value of 3 - (-19 + 11 + 8)?
3
What is the value of (36 - 38) + -1 + -3 - -10?
4
What is the value of 3 - (11 + -18 - 9)?
19
What is the value of -14 + (55 + -11 - 21)?
9
Calculate (-175 + 43 - -105) + -1 + -5.
-33
21 + -23 + 13 + -11
0
What is the value of -6 + -4 + (58 - 68 - (-1 - 3))?
-16
What is -6 + -1 - ((-4 - (-7 + -1)) + -5)?
-6
-2 - -8 - (54 + -42)
-6
-5 - -3 - (6 - (-8 + 5))
-11
-183 - -178 - (0 - -7)
-12
Calculate 22 + (-117 - -118) + 0 + -1 - 0.
22
6 - ((-1 - (0 - 9)) + -4)
2
Evaluate -13 - (10 - (-14 - -5) - 13).
-19
Evaluate 1 + -10 - (93 - 103).
1
What is the value of (8 - 21) + 17 - 22?
-18
What is -37 - (-47 - -15 - -3)?
-8
Evaluate (-137 - -127) + (-2 - -27).
15
What is (6 - -1) + 18 + -23 + 1 + 5?
8
-14 + 6 + -12 + 5
-15
What is (-183 - -163) + (4 - (2 - 4))?
-14
What is (8 - (4 - 39)) + -13?
30
What is the value of 5 + -19 + -59 + 41 - (0 - -1)?
-33
What is the value of 0 + 0 + 0 + -15 - (-5 + -1)?
-9
Evaluate -6 + 16 - -17 - 14.
13
Evaluate -28 + 35 + -4 + -4 + 3.
2
What is the value of 11 + 7 + 0 - 30?
-12
5 - (-5 - -13) - (-3 - -1) - 9
-10
Evaluate (-7 - (1 - (-6 - -5) - 7)) + 7.
5
What is the value of -14 - 1 - (-44 - -32) - -39?
36
What is the value of 1 + (-3 - (3 - -9)) - (16 - 9)?
-21
What is the value of (0 - -2) + -160 + 189?
31
What is the value of -6 + (38 - 26) + -13?
-7
(-22 - (0 - 2)) + (0 - (-8 - -1))
-13
Calculate -3 - (-17 + 15 + 15).
-16
(-6 - (1 - 2)) + (7 - 3) + 12
11
Calculate (9 - (-40 - -53)) + -1 + (2 - 1).
-4
Evaluate -17 - (6 + -18 + 3).
-8
What is the value of (17 - (17 + -8)) + 22 + -32?
-2
(2 - -1) + -6 - -6 - -4 - 27
-20
8 + (-18 - -2) + -11 + 2
-17
(15 - 23 - -4) + -2 - -3
-3
What is the value of 9 - (-12 - -12 - -17)?
-8
Evaluate 996 + -1005 - (0 - -1 - (8 + -4)).
-6
3 + 16 + -5 + (1 - 8) + 9
16
Evaluate (-12 + -1 + 9 - -14) + 17.
27
Calculate 32 + (14 - 31) + -23.
-8
Calculate 5 + 1 - ((7 - 18) + 10 - 9).
16
What is the value of (10 - -9) + -19 + 16 + 2?
18
2 - (3 + -2) - (-10 - (5 + -21))
-5
Evaluate -6 + (-3 - (-5 - -5)) + (7 - -1).
-1
(3 - -21) + -11 - 6
7
-3 - (24 + (-33 - -33))
-27
Calculate -39 + 0 - (1 + (13 - 23)).
-30
Evaluate -1 - 6 - (-100 + 84).
9
What is -33 + 66 + 2 + -26?
9
What is the value of 5 - (-5 + 8 + -8) - 5?
5
1 - (-3 + 2 + (-4 - -5)) - -4
5
What is the value of 11 - (25 + -4 + -12)?
2
What is 7 + -3 - (-9 - -12)?
1
Evaluate (3 + -3 - -1) + 3 + (5 - 5).
4
-52 + 63 + 42 + -14
39
What is -10 - (-3 - (0 - -8) - -6)?
-5
-17 - (-30 + 17 + -19)
15
-9 + 0 - (3 - 6)
-6
1 + -12 + 36 + -20 + 11
16
What is the value of 10 + -32 + 8 + 9 + 6?
1
Calculate (-6 - (6 - 0) - -3) + (-10 - -41).
22
What is the value of (3 - 11) + (-13 + -11 - -10)?
-22
(3 - -5 - -5) + (8 - 15 - -9)
15
Calculate -1 + 2 + 1 - (-30 - -26).
6
(1 - 2) + (-20 + 1 - 0) - 1
-21
What is the value of (23 - -4) + -13 + 3 + -2 + 0?
15
What is the value of (-2 - (-8 + 2)) + 4 + 0?
8
Calculate 12 - (1 - (-14 - (4 + -23))).
16
Evaluate (27 - (17 - -4)) + -16.
-10
What is the value of -4 + 1 + (-1 - (17 + -10))?
-11
What is 1 - 34 - (-14 + 4 + 16 + -17)?
-22
Calculate (-4 - -1) + 61 + (-72 - -17).
3
Calculate 1 + -2 + 11 + -12 + -16.
-18
What is -5 + 2 + 4 - (-142 + 131)?
12
What is the value of (-1 - -2) + 21 + -22 + 4?
4
5 + (2 + (4 - 4) - (10 - 2))
-1
Calculate -16 + (17 - 19) + 31.
13
-1 - (2 - 0 - (3 - 33 - -6))
-27
-4 + -1 + -191 + 196 + 1 + 7
8
57 - (21 - -19) - (-2 + 0)
19
What is (52 - 55) + -1 + 1 + -3 - -9?
3
What is (15 + -3 + 0 - (-7 - -29)) + -9?
-19
What is -1 + 2 - 18 - ((-25 - 29) + 49)?
-12
What is the value of 8 + 3 + (-2 - 12)?
-3
Calculate -8 - (-2 - 5) - (-5 + 1) - 8.
-5
Evaluate 32 - ((106 - 44) + -26).
-4
Evaluate 34 + (3 - (1 + -2)) + 136 + -142.
32
(-25 + 2 - (-2 + -9)) + 0
-12
Evaluate 5 - (-9 + -6 + 11).
9
0 + (23 - (-15 - -29))
9
What is (294 - 292) + -1 + -14?
-13
Evaluate -12 - -10 - (-2 + -7 + 4).
3
-26 - (18 + -28 + 5)
-21
What is the value of 0 + 10 + -7 - (-18 + 3)?
18
What is 45 + 19 + -23 + -18?
23
What is 24 + (-20 + 0 + -12 - -17)?
9
(13 - 13) + (5 - (5 - 0)) - 12
-12
What is 0 + -8 - (-605 + 599)?
-2
Calculate -21 + (19 - 20 - -15).
-7
What is the value of -14 + (5 - 1) + (1 - -7 - 0)?
-2
-6 + -13 + (4 + -11 - -5)
-21
Evaluate -4 - (3 + 4 - 6).
-5
What is the value of -154 + 158 + 1 + (0 - -2) + -1?
6
Calculate 10 + (-16 - -23) + -37 + 0.
-20
Calculate -8 - -17 - (-3 - (7 + (3 - 13))).
9
What is the value of -3 - (7 + -2 - ((0 - 0) + 4))?
-4
What is the value of (60 - 68 - (-14 + 2)) + -7?
-3
What is the value of 17 + -36 + 21 + -1?
1
What is the value of -8 - (12 + -1 + (-156 - -142))?
-5
What is -12 + (-5 - -10) - 5 - (-4 + -1)?
-7
What is the value of (8 - (-7 - (3 - 9))) + -6?
3
What is the value of (-9 + 8 + -10 - 5) + 11?
-5
13 + (-16 - -1 - (-78 - -62))
14
What is 2 - 4 - (-21 + 21)?
-2
(6 - (3 + 16) - (-6 - 0)) + -4
-11
What is -3 + 5 + (7 - 13) + 7?
3
What is the value of -11 + -18 + (10 - -28) + 3?
12
What is the value of -27 + 16 - (-18 + 2)?
5
What is the value of 1 + -1 - (-13 - (-6 + -18) - 5)?
-6
What is the value of -53 + 49 - (1 + 0)?
-5
Evaluate 9 + -6 + 8 + -4 - (-8 - -33).
-18
Calculate (-6 - 1 - (16 - 24)) + -5 - -11.
7
1 + (-6 - -3) + 1 + (-14 - -9)
-6
What is the value of (21 - 1) + -34 + 32?
18
-5 - ((9 - 9) + 10)
-15
Calculate -8 + (12 - -13) + -14.
3
Evaluate -40 - -39 - (4 + 0 + 2 + -2).
-5
What is 8 + 1 - ((-5 + -3 - -11) + 1)?
5
Calculate -20 - -17 - (3 + -3).
-3
What is the value of 0 - ((1 + 4 - (-2 + -5)) + -6)?
-6
What is (-22 - -1 - -5) + 19?
3
Calculate -8 + (-4 + 1 + (3 - 3) - 13).
-24
What is the value of -35 + (-4 - -48) + 18?
27
What is the value of (5 + 2 - 2) + 7 + -11?
1
Evaluate -16 + 5 + 17 + 5.
11
Calculate 11 + (15 - 22) - (18 + 0 + 0).
-14
What is the value of 18 + (12 - (-10 - -14) - 23)?
3
(-10 - (5 + -12 - -1)) + -2
-6
What is the value of (10 + 5 - 7) + -2 - (7 - 2)?
1
What is (-50 - -25 - -21) + 0?
-4
What is -5 + 12 + -29 + 20?
-2
Evaluate 3 + (7 - -6) - 12.
4
Evaluate (-5 - (-2 - 4)) + 16 + 3 + -4.
16
Evaluate (30 - -2) + (9 - (19 + 8 + -15)).
29
1 - (-8 + 11) - 2 - -13
9
-3 - (-25 - (12 + -28))
6
What is the value of (1 - (3 + 4) - -6) + 2 - 5?
-3
What is the value of (-20 + 8 - -7) + 0 + (1 - -10)?
6
35 - (-37 + (-18 - -81))
9
What is -20 + 9 + -13 + 12?
-12
Evaluate (23 - 13) + -23 + 6.
-7
4 + -13 + (-2 - (-14 - -4)) + -2
-3
6 - (-3 - -21 - 25)
13
Evaluate (15 + -2 - (-8 + 16)) + (3 - 21).
-13
Calculate 113 + -122 + (-1 - -26).
16
What is 5 + -1 + (1 - 1) + 47 + -54?
-3
What is the value of -2 - (6 - (8 + 0 + -6 + 11))?
5
10 - (25 - (13 + -4))
-6
-25 + 6 + -1 + 3 - 1
-18
What is (5 - (3 + -1)) + (-2 - (1 + 1))?
-1
Evaluate (34 - 26 - 11) + 22.
19
-25 - -43 - (-12 - (0 + -8))
22
What is the value of (18 - 0) + 25 + -21?
22
-15 - (0 - (5 + (-7 + 1 - -5)))
-11
Calculate -8 + -1 + (5 - 0) + 23 + -24.
-5
Calculate 0 - -22 - (15 + -25 - -7).
25
(-6 - -11) + 2 - 10
-3
What is (-46 - -42) + (6 - -6)?
8
What is the value of 32 - (-32 - (5 + -61))?
8
What is the value of -13 + (0 - -9) + 10?
6
What is (-42 + 16 - (-18 - -5)) + (0 - -4)?
-9
Evaluate (-1 - -8) + -8 - 5.
-6
Evaluate (-5 - (-19 + -10)) + -12.
12
Calculate 654 + -665 + -2 + 42.
29
What is the value of -10 - -68 - (-99 - -140)?
17
What is the value of 9 + 0 + -30 + (-18 - -57) - 11?
7
What is 4 + -44 + 29 - (-1 - -11)?
-21
Calculate 10 + 22 + -23 + -8.
1
-11 - ((6 - 7) + -26 + -6)
22
4 + -10 + 14 - 15
-7
Evaluate -9 + 18 + -11 + -5.